{"id":3038,"date":"2022-04-20T01:33:36","date_gmt":"2022-04-20T01:33:36","guid":{"rendered":"https:\/\/child-help.be\/podcasts\/uit-het-hoofd-5-situatie-in-oekraine-pierre-mertens-en-ihor-vitenko-3\/"},"modified":"2025-02-04T15:30:17","modified_gmt":"2025-02-04T15:30:17","slug":"uit-het-hoofd-5-situatie-in-oekraine-pierre-mertens-en-ihor-vitenko-3","status":"publish","type":"podcasts","link":"https:\/\/child-help.be\/fr\/podcasts\/uit-het-hoofd-5-situatie-in-oekraine-pierre-mertens-en-ihor-vitenko-3\/","title":{"rendered":"De m\u00e9moire #5 Situation en Ukraine : Pierre Mertens et Ihor Vitenko"},"content":{"rendered":"<p>Conversation entre les fondateurs de Child-Help et un sp\u00e9cialiste ukrainien du traitement des plaies au sujet de la situation d&rsquo;urgence en Ukraine et le soutien de Child-Help dans ce pays. D\u00e9couvrez le podcast (en n\u00e9erlandais).<\/p>\n<p><iframe loading=\"lazy\" class=\"wp-embedded-content\" sandbox=\"allow-scripts\" security=\"restricted\" title=\"Uit het hoofd #5 - Situatie in Oekra\u00efne: Pierre Mertens en Ihor Vitenko by Uit het hoofd\" src=\"https:\/\/anchor.fm\/child-help\/embed\/episodes\/Uit-het-hoofd-5---Situatie-in-Oekrane-Pierre-Mertens-en-Ihor-Vitenko-e1fdv0p#?secret=pqxyAhfYL6\" data-secret=\"pqxyAhfYL6\" height=\"102px\" width=\"400px\" frameborder=\"0\" scrolling=\"no\"><\/iframe><\/p>\n","protected":false},"template":"","class_list":["post-3038","podcasts","type-podcasts","status-publish","hentry"],"acf":[],"yoast_head":"<!-- This site is optimized with the Yoast SEO plugin v27.0 - https:\/\/yoast.com\/product\/yoast-seo-wordpress\/ -->\n<title>De m\u00e9moire #5 Situation en Ukraine : Pierre Mertens et Ihor Vitenko - Child-Help Belgi\u00eb<\/title>\n<meta name=\"robots\" content=\"index, follow, max-snippet:-1, max-image-preview:large, max-video-preview:-1\" \/>\n<link rel=\"canonical\" href=\"https:\/\/child-help.be\/fr\/podcasts\/uit-het-hoofd-5-situatie-in-oekraine-pierre-mertens-en-ihor-vitenko-3\/\" \/>\n<meta property=\"og:locale\" content=\"fr_FR\" \/>\n<meta property=\"og:type\" content=\"article\" \/>\n<meta property=\"og:title\" content=\"De m\u00e9moire #5 Situation en Ukraine : Pierre Mertens et Ihor Vitenko - Child-Help Belgi\u00eb\" \/>\n<meta property=\"og:description\" content=\"Conversation entre les fondateurs de Child-Help et un sp\u00e9cialiste ukrainien du traitement des plaies au sujet de la situation d&rsquo;urgence en Ukraine et le soutien de Child-Help dans ce pays. D\u00e9couvrez le podcast (en n\u00e9erlandais).\" \/>\n<meta property=\"og:url\" content=\"https:\/\/child-help.be\/fr\/podcasts\/uit-het-hoofd-5-situatie-in-oekraine-pierre-mertens-en-ihor-vitenko-3\/\" \/>\n<meta property=\"og:site_name\" content=\"Child-Help Belgi\u00eb\" \/>\n<meta property=\"article:publisher\" content=\"https:\/\/www.facebook.com\/CHInternational\/\" \/>\n<meta property=\"article:modified_time\" content=\"2025-02-04T15:30:17+00:00\" \/>\n<meta property=\"og:image\" content=\"https:\/\/child-help.be\/wp-content\/uploads\/sites\/7\/2024\/02\/IF_Kenya-50-crop-1.jpg\" \/>\n\t<meta property=\"og:image:width\" content=\"1367\" \/>\n\t<meta property=\"og:image:height\" content=\"911\" \/>\n\t<meta property=\"og:image:type\" content=\"image\/jpeg\" \/>\n<meta name=\"twitter:card\" content=\"summary_large_image\" \/>\n<meta name=\"twitter:label1\" content=\"Dur\u00e9e de lecture est.\" \/>\n\t<meta name=\"twitter:data1\" content=\"1 minute\" \/>\n<script type=\"application\/ld+json\" class=\"yoast-schema-graph\">{\"@context\":\"https:\/\/schema.org\",\"@graph\":[{\"@type\":\"WebPage\",\"@id\":\"https:\/\/child-help.be\/fr\/podcasts\/uit-het-hoofd-5-situatie-in-oekraine-pierre-mertens-en-ihor-vitenko-3\/\",\"url\":\"https:\/\/child-help.be\/fr\/podcasts\/uit-het-hoofd-5-situatie-in-oekraine-pierre-mertens-en-ihor-vitenko-3\/\",\"name\":\"De m\u00e9moire #5 Situation en Ukraine : Pierre Mertens et Ihor Vitenko - Child-Help Belgi\u00eb\",\"isPartOf\":{\"@id\":\"https:\/\/child-help.be\/fr\/#website\"},\"datePublished\":\"2022-04-20T01:33:36+00:00\",\"dateModified\":\"2025-02-04T15:30:17+00:00\",\"breadcrumb\":{\"@id\":\"https:\/\/child-help.be\/fr\/podcasts\/uit-het-hoofd-5-situatie-in-oekraine-pierre-mertens-en-ihor-vitenko-3\/#breadcrumb\"},\"inLanguage\":\"fr-BE\",\"potentialAction\":[{\"@type\":\"ReadAction\",\"target\":[\"https:\/\/child-help.be\/fr\/podcasts\/uit-het-hoofd-5-situatie-in-oekraine-pierre-mertens-en-ihor-vitenko-3\/\"]}]},{\"@type\":\"BreadcrumbList\",\"@id\":\"https:\/\/child-help.be\/fr\/podcasts\/uit-het-hoofd-5-situatie-in-oekraine-pierre-mertens-en-ihor-vitenko-3\/#breadcrumb\",\"itemListElement\":[{\"@type\":\"ListItem\",\"position\":1,\"name\":\"Home\",\"item\":\"https:\/\/child-help.be\/fr\/\"},{\"@type\":\"ListItem\",\"position\":2,\"name\":\"Podcasts\",\"item\":\"https:\/\/child-help.be\/fr\/podcasts\/\"},{\"@type\":\"ListItem\",\"position\":3,\"name\":\"De m\u00e9moire #5 Situation en Ukraine : Pierre Mertens et Ihor Vitenko\"}]},{\"@type\":\"WebSite\",\"@id\":\"https:\/\/child-help.be\/fr\/#website\",\"url\":\"https:\/\/child-help.be\/fr\/\",\"name\":\"Child-Help Belgium\",\"description\":\"\",\"publisher\":{\"@id\":\"https:\/\/child-help.be\/fr\/#organization\"},\"potentialAction\":[{\"@type\":\"SearchAction\",\"target\":{\"@type\":\"EntryPoint\",\"urlTemplate\":\"https:\/\/child-help.be\/fr\/?s={search_term_string}\"},\"query-input\":{\"@type\":\"PropertyValueSpecification\",\"valueRequired\":true,\"valueName\":\"search_term_string\"}}],\"inLanguage\":\"fr-BE\"},{\"@type\":\"Organization\",\"@id\":\"https:\/\/child-help.be\/fr\/#organization\",\"name\":\"Child-Help Belgium\",\"url\":\"https:\/\/child-help.be\/fr\/\",\"logo\":{\"@type\":\"ImageObject\",\"inLanguage\":\"fr-BE\",\"@id\":\"https:\/\/child-help.be\/fr\/#\/schema\/logo\/image\/\",\"url\":\"https:\/\/staging.child-help.be\/wp-content\/uploads\/sites\/7\/2023\/10\/logo.png\",\"contentUrl\":\"https:\/\/staging.child-help.be\/wp-content\/uploads\/sites\/7\/2023\/10\/logo.png\",\"width\":100,\"height\":58,\"caption\":\"Child-Help Belgium\"},\"image\":{\"@id\":\"https:\/\/child-help.be\/fr\/#\/schema\/logo\/image\/\"},\"sameAs\":[\"https:\/\/www.facebook.com\/CHInternational\/\",\"https:\/\/www.instagram.com\/child_help.be\/\"]}]}<\/script>\n<!-- \/ Yoast SEO plugin. -->","yoast_head_json":{"title":"De m\u00e9moire #5 Situation en Ukraine : Pierre Mertens et Ihor Vitenko - Child-Help Belgi\u00eb","robots":{"index":"index","follow":"follow","max-snippet":"max-snippet:-1","max-image-preview":"max-image-preview:large","max-video-preview":"max-video-preview:-1"},"canonical":"https:\/\/child-help.be\/fr\/podcasts\/uit-het-hoofd-5-situatie-in-oekraine-pierre-mertens-en-ihor-vitenko-3\/","og_locale":"fr_FR","og_type":"article","og_title":"De m\u00e9moire #5 Situation en Ukraine : Pierre Mertens et Ihor Vitenko - Child-Help Belgi\u00eb","og_description":"Conversation entre les fondateurs de Child-Help et un sp\u00e9cialiste ukrainien du traitement des plaies au sujet de la situation d&rsquo;urgence en Ukraine et le soutien de Child-Help dans ce pays. D\u00e9couvrez le podcast (en n\u00e9erlandais).","og_url":"https:\/\/child-help.be\/fr\/podcasts\/uit-het-hoofd-5-situatie-in-oekraine-pierre-mertens-en-ihor-vitenko-3\/","og_site_name":"Child-Help Belgi\u00eb","article_publisher":"https:\/\/www.facebook.com\/CHInternational\/","article_modified_time":"2025-02-04T15:30:17+00:00","og_image":[{"width":1367,"height":911,"url":"https:\/\/child-help.be\/wp-content\/uploads\/sites\/7\/2024\/02\/IF_Kenya-50-crop-1.jpg","type":"image\/jpeg"}],"twitter_card":"summary_large_image","twitter_misc":{"Dur\u00e9e de lecture est.":"1 minute"},"schema":{"@context":"https:\/\/schema.org","@graph":[{"@type":"WebPage","@id":"https:\/\/child-help.be\/fr\/podcasts\/uit-het-hoofd-5-situatie-in-oekraine-pierre-mertens-en-ihor-vitenko-3\/","url":"https:\/\/child-help.be\/fr\/podcasts\/uit-het-hoofd-5-situatie-in-oekraine-pierre-mertens-en-ihor-vitenko-3\/","name":"De m\u00e9moire #5 Situation en Ukraine : Pierre Mertens et Ihor Vitenko - Child-Help Belgi\u00eb","isPartOf":{"@id":"https:\/\/child-help.be\/fr\/#website"},"datePublished":"2022-04-20T01:33:36+00:00","dateModified":"2025-02-04T15:30:17+00:00","breadcrumb":{"@id":"https:\/\/child-help.be\/fr\/podcasts\/uit-het-hoofd-5-situatie-in-oekraine-pierre-mertens-en-ihor-vitenko-3\/#breadcrumb"},"inLanguage":"fr-BE","potentialAction":[{"@type":"ReadAction","target":["https:\/\/child-help.be\/fr\/podcasts\/uit-het-hoofd-5-situatie-in-oekraine-pierre-mertens-en-ihor-vitenko-3\/"]}]},{"@type":"BreadcrumbList","@id":"https:\/\/child-help.be\/fr\/podcasts\/uit-het-hoofd-5-situatie-in-oekraine-pierre-mertens-en-ihor-vitenko-3\/#breadcrumb","itemListElement":[{"@type":"ListItem","position":1,"name":"Home","item":"https:\/\/child-help.be\/fr\/"},{"@type":"ListItem","position":2,"name":"Podcasts","item":"https:\/\/child-help.be\/fr\/podcasts\/"},{"@type":"ListItem","position":3,"name":"De m\u00e9moire #5 Situation en Ukraine : Pierre Mertens et Ihor Vitenko"}]},{"@type":"WebSite","@id":"https:\/\/child-help.be\/fr\/#website","url":"https:\/\/child-help.be\/fr\/","name":"Child-Help Belgium","description":"","publisher":{"@id":"https:\/\/child-help.be\/fr\/#organization"},"potentialAction":[{"@type":"SearchAction","target":{"@type":"EntryPoint","urlTemplate":"https:\/\/child-help.be\/fr\/?s={search_term_string}"},"query-input":{"@type":"PropertyValueSpecification","valueRequired":true,"valueName":"search_term_string"}}],"inLanguage":"fr-BE"},{"@type":"Organization","@id":"https:\/\/child-help.be\/fr\/#organization","name":"Child-Help Belgium","url":"https:\/\/child-help.be\/fr\/","logo":{"@type":"ImageObject","inLanguage":"fr-BE","@id":"https:\/\/child-help.be\/fr\/#\/schema\/logo\/image\/","url":"https:\/\/staging.child-help.be\/wp-content\/uploads\/sites\/7\/2023\/10\/logo.png","contentUrl":"https:\/\/staging.child-help.be\/wp-content\/uploads\/sites\/7\/2023\/10\/logo.png","width":100,"height":58,"caption":"Child-Help Belgium"},"image":{"@id":"https:\/\/child-help.be\/fr\/#\/schema\/logo\/image\/"},"sameAs":["https:\/\/www.facebook.com\/CHInternational\/","https:\/\/www.instagram.com\/child_help.be\/"]}]}},"_links":{"self":[{"href":"https:\/\/child-help.be\/fr\/wp-json\/wp\/v2\/podcasts\/3038","targetHints":{"allow":["GET"]}}],"collection":[{"href":"https:\/\/child-help.be\/fr\/wp-json\/wp\/v2\/podcasts"}],"about":[{"href":"https:\/\/child-help.be\/fr\/wp-json\/wp\/v2\/types\/podcasts"}],"version-history":[{"count":2,"href":"https:\/\/child-help.be\/fr\/wp-json\/wp\/v2\/podcasts\/3038\/revisions"}],"predecessor-version":[{"id":3040,"href":"https:\/\/child-help.be\/fr\/wp-json\/wp\/v2\/podcasts\/3038\/revisions\/3040"}],"wp:attachment":[{"href":"https:\/\/child-help.be\/fr\/wp-json\/wp\/v2\/media?parent=3038"}],"curies":[{"name":"wp","href":"https:\/\/api.w.org\/{rel}","templated":true}]}}

De mémoire #5 Situation en Ukraine : Pierre Mertens et Ihor Vitenko

<p>Conversation entre les fondateurs de Child-Help et un spécialiste ukrainien du traitement des plaies au sujet de la situation d&rsquo;urgence en Ukraine et le soutien de Child-Help dans ce pays. Découvrez le podcast (en néerlandais).</p>
<p><iframe loading="lazy" class="wp-embedded-content" sandbox="allow-scripts" security="restricted" title="Uit het hoofd #5 - Situatie in Oekraïne: Pierre Mertens en Ihor Vitenko by Uit het hoofd" src="https://anchor.fm/child-help/embed/episodes/Uit-het-hoofd-5---Situatie-in-Oekrane-Pierre-Mertens-en-Ihor-Vitenko-e1fdv0p#?secret=pqxyAhfYL6" data-secret="pqxyAhfYL6" height="102px" width="400px" frameborder="0" scrolling="no"></iframe></p>

<!-- This site is optimized with the Yoast SEO plugin v27.0 - https://yoast.com/product/yoast-seo-wordpress/ -->
<title>De mémoire #5 Situation en Ukraine : Pierre Mertens et Ihor Vitenko - Child-Help België</title>
<meta name="robots" content="index, follow, max-snippet:-1, max-image-preview:large, max-video-preview:-1" />
<link rel="canonical" href="https://child-help.be/fr/podcasts/uit-het-hoofd-5-situatie-in-oekraine-pierre-mertens-en-ihor-vitenko-3/" />
<meta property="og:locale" content="fr_FR" />
<meta property="og:type" content="article" />
<meta property="og:title" content="De mémoire #5 Situation en Ukraine : Pierre Mertens et Ihor Vitenko - Child-Help België" />
<meta property="og:description" content="Conversation entre les fondateurs de Child-Help et un spécialiste ukrainien du traitement des plaies au sujet de la situation d&rsquo;urgence en Ukraine et le soutien de Child-Help dans ce pays. Découvrez le podcast (en néerlandais)." />
<meta property="og:url" content="https://child-help.be/fr/podcasts/uit-het-hoofd-5-situatie-in-oekraine-pierre-mertens-en-ihor-vitenko-3/" />
<meta property="og:site_name" content="Child-Help België" />
<meta property="article:publisher" content="https://www.facebook.com/CHInternational/" />
<meta property="article:modified_time" content="2025-02-04T15:30:17+00:00" />
<meta property="og:image" content="https://child-help.be/wp-content/uploads/sites/7/2024/02/IF_Kenya-50-crop-1.jpg" />
	<meta property="og:image:width" content="1367" />
	<meta property="og:image:height" content="911" />
	<meta property="og:image:type" content="image/jpeg" />
<meta name="twitter:card" content="summary_large_image" />
<meta name="twitter:label1" content="Durée de lecture est." />
	<meta name="twitter:data1" content="1 minute" />
<script type="application/ld+json" class="yoast-schema-graph">{"@context":"https://schema.org","@graph":[{"@type":"WebPage","@id":"https://child-help.be/fr/podcasts/uit-het-hoofd-5-situatie-in-oekraine-pierre-mertens-en-ihor-vitenko-3/","url":"https://child-help.be/fr/podcasts/uit-het-hoofd-5-situatie-in-oekraine-pierre-mertens-en-ihor-vitenko-3/","name":"De mémoire #5 Situation en Ukraine : Pierre Mertens et Ihor Vitenko - Child-Help België","isPartOf":{"@id":"https://child-help.be/fr/#website"},"datePublished":"2022-04-20T01:33:36+00:00","dateModified":"2025-02-04T15:30:17+00:00","breadcrumb":{"@id":"https://child-help.be/fr/podcasts/uit-het-hoofd-5-situatie-in-oekraine-pierre-mertens-en-ihor-vitenko-3/#breadcrumb"},"inLanguage":"fr-BE","potentialAction":[{"@type":"ReadAction","target":["https://child-help.be/fr/podcasts/uit-het-hoofd-5-situatie-in-oekraine-pierre-mertens-en-ihor-vitenko-3/"]}]},{"@type":"BreadcrumbList","@id":"https://child-help.be/fr/podcasts/uit-het-hoofd-5-situatie-in-oekraine-pierre-mertens-en-ihor-vitenko-3/#breadcrumb","itemListElement":[{"@type":"ListItem","position":1,"name":"Home","item":"https://child-help.be/fr/"},{"@type":"ListItem","position":2,"name":"Podcasts","item":"https://child-help.be/fr/podcasts/"},{"@type":"ListItem","position":3,"name":"De mémoire #5 Situation en Ukraine : Pierre Mertens et Ihor Vitenko"}]},{"@type":"WebSite","@id":"https://child-help.be/fr/#website","url":"https://child-help.be/fr/","name":"Child-Help Belgium","description":"","publisher":{"@id":"https://child-help.be/fr/#organization"},"potentialAction":[{"@type":"SearchAction","target":{"@type":"EntryPoint","urlTemplate":"https://child-help.be/fr/?s={search_term_string}"},"query-input":{"@type":"PropertyValueSpecification","valueRequired":true,"valueName":"search_term_string"}}],"inLanguage":"fr-BE"},{"@type":"Organization","@id":"https://child-help.be/fr/#organization","name":"Child-Help Belgium","url":"https://child-help.be/fr/","logo":{"@type":"ImageObject","inLanguage":"fr-BE","@id":"https://child-help.be/fr/#/schema/logo/image/","url":"https://staging.child-help.be/wp-content/uploads/sites/7/2023/10/logo.png","contentUrl":"https://staging.child-help.be/wp-content/uploads/sites/7/2023/10/logo.png","width":100,"height":58,"caption":"Child-Help Belgium"},"image":{"@id":"https://child-help.be/fr/#/schema/logo/image/"},"sameAs":["https://www.facebook.com/CHInternational/","https://www.instagram.com/child_help.be/"]}]}</script>
<!-- / Yoast SEO plugin. -->

De mémoire #5 Situation en Ukraine : Pierre Mertens et Ihor Vitenko - Child-Help België

Conversation entre les fondateurs de Child-Help et un spécialiste ukrainien du traitement des plaies au sujet de la situation d&rsquo;urgence en Ukraine et le soutien de Child-Help dans ce pays. Découvrez le podcast (en néerlandais).

Child-Help België
